 + -9830. What is the tens digit of a?
3
What is the tens digit of (-100956)/235*(-220)/6?
5
Let o be 6/9 - 20*3/(-18). Suppose -4*v + 4 = -2*v. What is the hundreds digit of 418/4 - v/o?
1
Let i(j) = -j**3 + 12*j**2 + 2*j + 22. Let g(k) = 2*k**2 - k - 3. Let w be g(3). What is the tens digit of i(w)?
4
Let i = -12985 + 22081. What is the hundreds digit of i?
0
Let s(m) = 236*m**2 - 14*m + 17. Let u be s(4). Suppose -14*h + 3935 = -u. What is the units digit of h?
8
Suppose 5*f + 25 = -5*s, -2*f = -3*s + f + 15. Suppose s*w + 4*w = 0. Suppose 11*o - 114 - 29 = w. What is the units digit of o?
3
Let w(g) = 2*g**2 + 9*g - 37. Let c(f) = -5*f**3 + f - 2. Let l be c(1). Let m(r) = -r**2 - 4*r. Let n be m(l). What is the tens digit of w(n)?
4
Let o = -8894 - -18199. What is the units digit of o?
5
Let r(j) = 573*j + 899. What is the units digit of r(8)?
3
Suppose -108*n - 3*g = -111*n + 109983, -2*n + 73340 = g. What is the thousands digit of n?
6
Let o(q) = -10*q**3 - 47*q**2 - 4*q. Let p be o(-6). Let v = 1553 - 910. Suppose 5*w - p - v = 0. What is the units digit of w?
7
Suppose 5*c - 16 = c. Suppose 4*i - c*o = 1160, 3*o + 12 = -o. What is the units digit of i?
7
Let c be (339 - 1) + (4/(-2) - -2). Suppose -c = 139*l - 140*l. What is the tens digit of l?
3
Let k(a) = -a**2 - 51*a - 256. What is the hundreds digit of k(-39)?
2
Suppose -310 = 6*k - 7*k. Let y = k + -169. What is the units digit of y/2*8/6?
4
Let d = 44985 - 27280. What is the hundreds digit of d?
7
Let b be 0*(-12 - -6)/6. Let k(w) = -5*w + 429. What is the units digit of k(b)?
9
Let v(m) = -m**3 + 9*m**2 - 4*m. Let s be v(4). Let k = s - 25. What is the tens digit of k*((-10)/(-4) + 2/4)?
1
What is the units digit of (-219 - -108)*163/(-3)?
1
Let b(z) = z**3 + 12*z**2 + 11*z + 2. Let k be (110/20)/(1/(-2)). Let x be b(k). Suppose -x*p + 8 = -70. What is the tens digit of p?
3
Let g be 74/111 - 3/((-9)/(-11)). What is the tens digit of ((-325)/(-13))/(-2 - g)?
2
Let a(l) = 4*l + 24. Let m be a(-7). What is the hundreds digit of (-5)/(10/(-1752)) + m?
8
Let x(b) = 10 + 0*b**2 + 13*b**2 + 39*b**2 + 0*b**2. What is the units digit of x(4)?
2
Suppose 4 + 0 = 2*k + 2*v, 6 = k - v. What is the hundreds digit of (-78)/(-18)*k/(4/111)?
4
What is the units digit of ((-1752)/(-16))/(12/880) + 9?
9
Suppose 0 = 96*a - 92*a - 5*k - 4219, -a + 1057 = -2*k. What is the units digit of a?
1
Let x = -21101 + 49070. What is the ten thousands digit of x?
2
What is the units digit of (-7 - -8)/(2/(-479))*-4?
8
Let j(b) = -b**2 - 4*b - 3. Let o be j(-3). Suppose -p = l - 5*l + 6, -5*p + 10 = 0. Suppose o = -5*k - l*k + 784. What is the tens digit of k?
1
Let g = -123 - -126. Suppose -x - 12 = 2*a + g*a, 20 = -5*a. What is the hundreds digit of x/(-6)*(-148 - 2)?
2
Let f(g) = 5*g**3 - 14*g**2 - 50*g - 31. What is the hundreds digit of f(16)?
0
Let y be 7/(-21) - (-2 - 2)/12. Suppose y = -r - 4*k - k + 309, 2*k - 901 = -3*r. What is the units digit of r?
9
Suppose 2*d - 182 = 2*y + 466, -4*y + 672 = 2*d. Suppose -d = 19*n - 3159. What is the units digit of n?
9
Let l(a) = -85*a - 4. Let w be l(-5). Let z = -651 + w. Let s = 329 + z. What is the units digit of s?
9
Let c(o) = 995*o - 2788. What is the units digit of c(17)?
7
Let k(w) = w**3 + 3*w**2 - 3*w + 7. Let q = 4 + 2. What is the units digit of k(q)?
3
Let b(m) = 15 - 5*m - 2*m + 4*m + 15. Let p be b(9). Suppose 0 = 3*l + 15, 3*l = p*w - 0*w - 258. What is the units digit of w?
1
Suppose 248*n + 145660 = 252*n + 3*w, 5*w = -n + 36381. What is the units digit of n?
1
Let f(j) = -j + 74. Let c be f(-22). Let n = c - 2. What is the units digit of n?
4
Let k = 37298 - 21670. What is the hundreds digit of k?
6
What is the thousands digit of -3 - (-3007 - (-3 - 10))?
2
Let h(m) = -5*m**2 + 36*m + 1. Let g be (200/(-60))/((-2)/3). What is the units digit of h(g)?
6
Let o(p) = 2*p**2 - 8*p + 2. Suppose -3*h = h - 16. Let f be o(h). What is the hundreds digit of 178 - (-13 - f)/(-5)?
1
Let x(m) = 80*m**2 + 23*m + 4. Let v be x(-5). Suppose -32*u + v = -2239. What is the tens digit of u?
2
Suppose 2*r + 60 = 7*r. Let y = 20 - r. Suppose -y*l = -9*l + 117. What is the tens digit of l?
1
Let x = 25 + -12. Let b = -1372 - -2188. Suppose u + b = x*u. What is the units digit of u?
8
Let f be 2 + 4 + 3465 + -3. Suppose 2*x = 19*x - f. What is the tens digit of x?
0
Let r be ((-1)/9*-3)/(10/150). Suppose 0 = -4*u - 4*y + 4124, 8*y = r*u + 7*y - 5143. What is the units digit of u?
9
Suppose 0 = -3*u + 5*b + 95, 47*u - 5*b = 50*u - 115. Suppose -3*g + 2*g + 41 = 0. Let d = u + g. What is the units digit of d?
6
Let i(x) = 161*x - 135. Let u be i(18). Let j = -1061 + u. What is the units digit of j?
2
Suppose 8*c = 4 + 12. Let x(i) = 1 + 6*i**c + 4*i - 5*i + 15*i**2. What is the tens digit of x(2)?
8
Let j be -10*(16/(-20))/2. Suppose -j*w + 4*a - 180 = 0, -2*w = -a - 2*a + 91. What is the units digit of ((-77)/w)/((-2)/(-48))?
2
Suppose 2499 = -6*l - 2355. Let k = l - -1437. What is the units digit of k?
8
Suppose -11*d = -8*d. Let i be (12 - d) + 4 + -1. Suppose i = s - t, -4*s + 7*t + 56 = 2*t. What is the units digit of s?
9
Let l = -11 - 54. Let u = l + -127. Let y = 357 + u. What is the units digit of y?
5
Let k be (9/11 - 18/(-99)) + 995. Suppose -3532 + k = -4*l. What is the hundreds digit of l?
6
Suppose 5*d = 3*m - 830 - 1189, 0 = 3*d. Let r = -391 + m. What is the tens digit of r?
8
Suppose -18*j + 976456 = 146*j. What is the tens digit of j?
5
Suppose 3*z - 5457 = -2*w, 84*w + z + 13668 = 89*w. What is the units digit of w?
3
Let c(m) = -m**3 + 17*m**2 - 14*m - 29. Suppose 5*n - 42 = 38. Let b be c(n). Suppose 0 = 3*o - f - 41, 49 - 4 = b*o + 3*f. What is the tens digit of o?
1
Suppose -t = n - 3, 0*n - 11 = 3*n - t. What is the tens digit of 282*n/(-3)*(-3)/(-2)?
8
Suppose -6*m = -10*m. Suppose -2*i + m*i + 3*v - 5 = 0, 0 = -2*i + v + 1. Suppose -6*o - i*b + 214 = -4*o, 5*o + 2*b - 529 = 0. What is the tens digit of o?
0
Let l(a) = a**2 + 8*a + 7. Let n be l(-3). Let h = n - -16. What is the tens digit of ((-4)/h)/((-7)/868)?
6
Suppose 2*h = -12*h - 4*h + 259236. What is the tens digit of h?
0
Suppose 0 = -247*j + 1011889 + 1160709 + 370514. What is the ten thousands digit of j?
1
Let c(p) = p**2 - 5 - 2 + 6*p - 265*p**3 + 262*p**3 - 2. Let h be c(6). What is the tens digit of h/(-11) - 2/11?
5
Let k be (120/5 + -3)*(-19)/3. Let x = k - -165. What is the units digit of x?
2
Let o(j) = -j**3 + 2*j**2 - 2*j - 2. Let n be o(-2). Let h be (-2)/3 + (-380)/(-3). Suppose n = g - h. What is the tens digit of g?
4
Let o(m) = m**2 - 2*m - 13. Let v(d) = d**2 - 14*d + 18. Let z be v(13). Let j be o(z). Suppose -j*n + 140 + 48 = 0. What is the units digit of n?
4
Let d(q) = -2*q + 38. Let s be d(18). Suppose s*a + 1060 = 7*l - 4*l, -2*a = -5*l + 1772. What is the tens digit of l?
5
Suppose -4*s + 750 = -4*v + 2146, -4*s - 1392 = -3*v. Let y = 281 - s. What is the units digit of y?
6
Let x(m) = -m**3 - 6*m**2 + 15*m + 16. Let w be x(-7). Let l be 24/(-14)*(w - 2). Suppose -104 = -k + f - 40, 0 = k + 3*f - l. What is the units digit of k?
6
Let r(s) = -69*s. Let v(u) = -u**3 + 8*u**2 - u + 4. Let z be v(8). Let i be r(z). Let o = i + -95. What is the hundreds digit of o?
1
Let l be 3 + (-2)/(-5) + 106/10. Suppose 7*a + 21 = -l. Let j = 106 + a. What is the units digit of j?
1
Suppose -16*z = -41 - 23. Suppose -2*q + 1448 = 3*m, 5*q - 845 = -z*m + 1095. What is the tens digit of m?
8
What is the ten thousands digit of (69006/(-9))/(370/30 - 13)?
1
Suppose 3*x + 3 = 2*t, -10 = -4*x - 3*t + t. What is the units digit of 167 - -10*x/2?
2
Let x(p) be the third derivative of p**6/120 - p**5/10 + p**4/24 + p**3 + 9*p**2. Let k be x(6). What is the tens digit of (-26)/k - -2 - (-870)/36?
2
Suppose 0 = 527*i - 39*i - 27816976. What is the thousands digit of i?
7
Let i(m) = m**3 - m**2 - 2*m + 2. Let k = 15 - 15. Let z be i(k). Suppose 21 = -t + z*w + 63, -5*w = t - 77. What is the tens digit of t?
5
Suppose 2*a = -2*h + 54, -3*h - 6 = -h. Suppose 5*b + a = 45. Suppose -2*d + 189 = 3*f, -2*d = -f - b*f + 252. What is the units digit of f?
3
Let s = -52 - -52. Suppose s*q + 12 = 2*q. What is the tens digit of (10/(-3) - q/(-2))*-57?
1
Suppose 4*q = 12*g + 2*q - 225606, q -